4 - 2). Suppose 4*o - 28 - 8 = h. What is the units digit of o?
9
What is the hundreds digit of ((-752)/(-12))/((-10)/(-45))?
2
Let j be (40/(-6))/(-4)*3. Let p = -2 + j. Let s = 4 - p. What is the units digit of s?
1
Suppose -4 = -o + k - 2, -3*k = -2*o + 2. Suppose o = b + 1. Suppose -5*s = -3*f + 78, -2*f + 5*s - 6 = -b*f. What is the units digit of f?
1
Suppose -4 = 3*w - 10. What is the units digit of 8/w*(0 + 1)?
4
Let p = -2 + 9. Suppose 2*b - p*b = -35. What is the units digit of b?
7
Suppose 4*m = s - 4, -s - 3 = m + 3. Let n = m - -3. What is the units digit of n?
1
Suppose -2*x + 5*x - 150 = 0. What is the tens digit of x?
5
What is the units digit of -3 + 37 - -2 - -1?
7
What is the tens digit of (-4)/(-10) - (-264)/15?
1
Let g = -10 + 11. Let m be (0 + g)/(6/(-12)). What is the tens digit of ((-28)/(-5))/(m/(-5))?
1
Let d = 131 - 92. What is the units digit of d/4 - 4/(-16)?
0
Let s(h) = -h**3 + 12*h**2 + 15*h - 17. What is the units digit of s(13)?
9
Let j = -34 - -63. Suppose -j + 99 = 2*g - 2*i, -27 = -g - i. What is the tens digit of g?
3
Let i(p) = -p**3 + 12*p**2 - 9*p + 10. What is the units digit of i(10)?
0
Let h = 398 - 256. What is the hundreds digit of h?
1
Let x be (15/(-6))/((-2)/4). Suppose i - 18 + 2 = x*b, -5*b = 10. What is the units digit of i?
6
Let d(p) = p + 2. Let a be d(0). Suppose -2*s = -4*s - a. Let m = s + 9. What is the units digit of m?
8
Let y be 1*(1 - 1 - -4). Suppose -y*j = -j - 90. Suppose 0*r = -2*r + j. What is the units digit of r?
5
Let i(s) = 1 + 2*s**2 - 2*s**2 - 2*s + s**2 + s**3. Let c be i(-2). Suppose c = -2*g + 5. What is the units digit of g?
2
Suppose 6 + 58 = 5*o + d, 3*o - 16 = 5*d. Let n = -1 + o. What is the units digit of n?
1
Suppose -7*s + 2 = -6*s. Let r = s - -2. What is the units digit of r?
4
Let z = 59 - 49. What is the tens digit of z?
1
Suppose -3*z + n = -0*n - 608, -410 = -2*z + 3*n. What is the tens digit of z?
0
Let a(z) = z**3 + 8*z**2 - 2*z - 5. Let x be a(-5). Suppose 3*d - 4*v = x, -29 = -d - 2*v + v. What is the units digit of d?
8
Let r = -16 + 19. What is the tens digit of 90/3 + r/(-1)?
2
Let m = -23 - -48. What is the units digit of m?
5
Let c = 35 + 67. What is the hundreds digit of c?
1
Let a = 38 + 59. What is the tens digit of a?
9
Let k(q) = -3*q - 3 - 6 - 5 - 1. What is the units digit of k(-11)?
8
Suppose 4*d - 264 = 224. Suppose 0 = -5*g + d - 47. What is the tens digit of g?
1
What is the units digit of (330/9)/(1/3)?
0
Suppose 0 = -3*c - 0*c + 21. Suppose -c = -2*y + 13. What is the units digit of y?
0
What is the tens digit of (-1575)/(-10) + 21/(-6) + 3?
5
Suppose -3*f + 18 = -3*s - 0*s, s = -5*f + 12. Let k(x) = x**2 - 4. What is the units digit of k(f)?
5
Let y = -78 - -56. Let v = -5 - y. What is the units digit of v?
7
Suppose 2*t = -f + 1, -5*f + 5*t + 47 = -18. Let m = f + -9. Suppose -4*a + 6 + 2 = m. What is the units digit of a?
2
Suppose -v = 3*k + 4, 2*v + 8 = -2*k - 0. Let g = v - -3. What is the units digit of 6 + (g - 0 - -3)?
8
Let i(w) = -5*w - 1. Let d be (6/(3/(-1)))/2. Let k be i(d). Suppose -3*c + k = y, 9 = -5*y - 16. What is the units digit of c?
3
Let u(y) be the second derivative of y**3/6 - 5*y**2/2 + y. Let o be u(7). Suppose -o*q + 10 = -0*q. What is the units digit of q?
5
Let r(c) = c**3 + 10*c**2 - 2*c - 15. Let d(l) = -11*l**2 + 1. Let f be d(-1). Let y be r(f). Suppose -2*t + y + 9 = 0. What is the units digit of t?
7
What is the units digit of -3 + (-7)/(14/4) + 46?
1
Let u(b) = b + 7. Let r be u(-4). What is the tens digit of (-1)/r*(0 + -93)?
3
Suppose 15*h = 18*h - 552. What is the hundreds digit of h?
1
Let c be 6/3 + 1*3. Let n be c - (1 - 3)/(-2). Suppose -k + n*k = 6. What is the units digit of k?
2
Let i(h) be the third derivative of -h**6/120 + 7*h**5/60 + 13*h**4/24 - 11*h**3/6 - 2*h**2. What is the units digit of i(8)?
9
Let v = 55 - 30. What is the units digit of v?
5
Let o be 3*(0 + (-48)/(-9)). Let i be 2 + -1 - o/(-4). Let t = 1 + i. What is the units digit of t?
6
Suppose -2*b = 2*b - 412. What is the hundreds digit of b?
1
Let a(l) = 2*l**2 + 13*l - 6. What is the tens digit of a(4)?
7
Let a(v) = -v**3 + 7*v**2 - 7*v + 4. Let s = 15 + -11. What is the tens digit of a(s)?
2
Let x(b) = 26*b**2. Let j be x(1). Suppose 0 = -3*o + j + 28. What is the units digit of o?
8
Let u(m) = -2*m + 62. What is the units digit of u(0)?
2
Let h = 5 - -3. Let q be (h - 7)*(0 + 1). Let s = q + 12. What is the units digit of s?
3
Suppose -3*l + 20 + 7 = -z, 9 = l - 4*z. Suppose 3*f - l = 0, -80 = u - 5*u - 4*f. What is the tens digit of 3 - (-1 - u)/2?
1
Let b(h) = h. Let g be b(2). Suppose 2*x = -g - 2. Let c = 3 - x. What is the units digit of c?
5
Let t(x) = x**2 + 10*x + 20. What is the units digit of t(-8)?
4
Let h = 13 + -7. Let t = 5 + h. What is the units digit of t?
1
Let h(r) = 4*r**2 - 5*r - 2. Let n be h(4). Suppose 3*m = m + n. What is the units digit of m?
1
Let c be 130/(-15) + (-2)/6. Let g = c + 14. Suppose 0 = -5*y - g*f + 30, 2*y - 2*f = 2*f + 12. What is the units digit of y?
6
Let k(f) = f**3 + 5*f**2 + 3*f + 6. Let a be k(-4). Let r be (-2)/(2/9*-3). Let m = a - r. What is the units digit of m?
7
Suppose 0 = q - l - 63, 4*q + 4*l = 419 - 159. What is the tens digit of q?
6
Suppose -5*n + 11 = -14. Let l(q) be the first derivative of -q**4/4 + 5*q**3/3 + q**2/2 + 1. What is the units digit of l(n)?
5
Let i be (-2)/(-3*(-4)/(-6)). What is the units digit of i + -1 + (-4)/(-2)?
2
Let b = -7 - -11. Suppose b = o - 1, u - 4*o = -1. What is the units digit of u?
9
Let o be 6/(-15)*(3 + -13). Suppose 2*c = o*y - 40, -13 = 3*y - c - 42. What is the units digit of y?
9
Suppose 4*n = 6*u - 3*u - 98, -2*u = -3*n - 65. What is the tens digit of u?
3
Let y be 0 - -3 - (1 - 1). Suppose -y*m + 29 = -10. What is the tens digit of m?
1
Suppose -4*j + 5*x + 16 = 154, 4 = 2*x. Let f = -17 - j. What is the units digit of f?
5
Let q = -1 + 4. Let c(b) be the first derivative of b**4/4 - b**3 + 3*b**2/2 - 3*b - 3. What is the units digit of c(q)?
6
Let x(z) = 13*z + 1. Let y(m) = 7*m + 1. Let j(l) = 6*x(l) - 11*y(l). What is the units digit of j(7)?
2
Let b(r) = r + 2. Let z be b(-3). Suppose 0 = -3*s - 3*w + 12, w + 22 = 4*s - w. Let o = z + s. What is the units digit of o?
4
What is the tens digit of (-104)/12*9/(-6)*3?
3
Let o = 7 + 40. Suppose 4*w + x - 50 = -w, -o = -2*w + 5*x. What is the tens digit of w?
1
Suppose -x - 81 = 8*f - 9*f, 0 = -5*f + 4*x + 401. What is the tens digit of f?
7
Suppose 5*w - 400 = n, 30 = w - n - 46. What is the tens digit of w?
8
Let o = 7 + 3. Let f(y) = y**2 - 9 + 8 + o*y - 3*y. What is the units digit of f(-8)?
7
Let n(g) = g**3 - g + 4. Let t be n(3). Let j = 62 - t. What is the units digit of j?
4
Suppose 0 = -5*v - 15. Suppose 15*j - 6*j + 18 = 0. Let w = j - v. What is the units digit of w?
1
Let d(i) = i**3 + i**2 - i + 8. Let g be d(0). Suppose -4*q - 2 = 2*l - g, -3*q = -3*l + 45. What is the units digit of l?
1
Suppose -5*j = -4*j - 13. What is the units digit of j?
3
Let p(i) = -i**3 - 7*i**2 - i - 4. Let o be p(-7). Let z = -5 + o. Let j(s) = 2*s**2 + s - 2. What is the units digit of j(z)?
4
Let a(s) = -s + 26. Let q be a(12). Suppose 4*j + q - 54 = 0. What is the tens digit of j/4*(4 - -2)?
1
Let l = -85 - -132. What is the units digit of l?
7
Let v be (75/6)/((-5)/(-10)). Suppose -6*s + 2*r = -s - 85, 3*s + 4*r = v. What is the units digit of s?
5
Let a = 53 - 50. What is the units digit of a?
3
Let w = 24 - 24. Suppose m - 4*j + 6 = -m, 0 = 3*m + j - 12. Suppose w = m*l + 5*p - 20, 3*p - 2 = -8. What is the tens digit of l?
1
Let m be -8 - (2 - (-2 - -4)). Let x(h) = -h**3 - 9*h**2 - 8*h + 3. Let g be x(m). Suppose g*t + 3*u = 3, -3*t + 39 = -5*u - 4. What is the units digit of t?
6
Let g(a) = a**3 - 4*a**2 + 1. Let f be g(4). Let h = f + 6. Let p = h - 4. What is the units digit of p?
3
Let q be (8/20)/(2/80). Let k = 28 - q. What is the tens digit of k?
1
Let z(k) = 24*k - 1. Let u be z(1). Suppose -u = 5*t - 3. What is the tens digit of (0 - -26)/(t/(-2))?
1
Let b be 219/12 - 1/4. What is the units digit of (0 - b)*(-2)/4?
9
Suppose 3*s - 204 - 123 = 0. What is the hundreds digit of s?
1
Let n be 4/(0 - 4) - -4. What is the tens digit of (-56)/(-4) + n/1?
1
L